(r) = -89*r**3 + 64*r**2 - 29*r - 33. Determine o(1).
-87
Let d(l) = l**3 + 57*l**2 + 628*l - 97. Determine d(-41).
1051
Let h(x) = 9711*x + 165140. What is h(-17)?
53
Let v(z) = 202*z**2 - 78*z - 28. Calculate v(-1).
252
Let j(i) = 4*i**3 - 54*i**2 - 790*i + 4718. Determine j(6).
-1102
Let m(i) = -19*i - 1685. Calculate m(-37).
-982
Let j(c) = c**2 - 10689*c + 128153. Give j(12).
29
Let h(u) = 3*u**3 + 15*u**2 + 56*u + 2. Give h(-6).
-442
Let n(a) = a**3 + 69*a**2 + 139*a - 441. Determine n(-67).
-776
Let t(q) = -q**3 + 8*q**2 + 68*q - 362. Determine t(-8).
118
Let x(k) = -k**2 - 1128*k - 275253. Give x(-771).
-6
Let o(z) = 16*z**2 - 92*z + 649. Calculate o(9).
1117
Let p(n) = -15*n**2 + 604*n + 8510. Give p(-11).
51
Let h(d) = -202*d**2 - 9912*d - 660. Determine h(-49).
26
Let w(o) = -2461*o + 68910. What is w(28)?
2
Let r(u) = u**3 + 16*u**2 - 72*u + 518. What is r(-17)?
1453
Let t(m) = -m**3 - 53*m**2 - 630*m - 103. Determine t(-36).
545
Let s(p) = 2715*p - 176231. Calculate s(65).
244
Let a(h) = -4*h**3 - 8*h**2 + 9. What is a(-3)?
45
Let o(k) = -8728*k + 2609677. Calculate o(299).
5
Let i(o) = 79*o + 1333. What is i(-18)?
-89
Let k(l) = -394*l - 400696. Determine k(-1017).
2
Let y(s) = s**3 + 2*s**2 - 10016*s - 40029. Calculate y(-4).
3
Let v(t) = -2*t**3 - 401*t**2 - 20053*t + 202. Give v(-105).
-8
Let p(u) = -u**2 - 2842*u + 8752283. What is p(1861)?
0
Let u(f) = -f**3 - 36*f**2 - 84*f. Give u(-33).
-495
Let t(k) = 96*k**2 + 4144*k + 539. Give t(-43).
-149
Let w(x) = x**2 - 568*x + 19656. Determine w(39).
-975
Let v(c) = -13*c**3 - 670*c**2 + 1006*c + 48. What is v(-53)?
101
Let t(k) = 20879*k + 13279033. What is t(-636)?
-11
Let m(h) = -h**2 + 5401*h - 2476873. Calculate m(506).
-3
Let r(i) = 33*i**2 - 227*i + 698. Determine r(3).
314
Let b(s) = s**2 - 8788*s - 282226. Give b(-32).
14
Let f(s) = 236*s - 40011. Give f(179).
2233
Let i(w) = -w**2 - 893*w + 280185. Give i(246).
-9
Let m(h) = 1357*h + 346091. Give m(-255).
56
Let m(i) = 4723*i**2 - 1126*i - 1133. Determine m(-1).
4716
Let p(y) = -110*y**2 - 205*y + 8. Give p(-3).
-367
Let l(x) = -988*x - 17096. Give l(-15).
-2276
Let h(v) = 2*v**2 - 152*v - 2449. What is h(-15)?
281
Let b(p) = -15*p**2 - 2728*p - 7710. Calculate b(-179).
-13
Let o(s) = 5050*s + 344006. Calculate o(-68).
606
Let b(z) = -26*z**2 - 1260*z - 2985. Calculate b(-46).
-41
Let a(k) = -28*k**2 + 3551*k + 39053. Calculate a(137).
8
Let x(r) = 2*r**2 + 5393*r + 64462. Determine x(-12).
34
Let l(w) = -209*w - 22577. Calculate l(-112).
831
Let k(i) = -462*i + 723. Determine k(0).
723
Let d(k) = -k**3 - 29*k**2 - 237*k + 90. Determine d(-16).
554
Let g(h) = 3*h**3 + 8*h**2 + 22*h + 34. Give g(-10).
-2386
Let t(d) = -1223*d + 249446. Calculate t(204).
-46
Let u(t) = -2*t**3 + 10*t**2 - 41*t - 137. What is u(0)?
-137
Let r(z) = -26*z**3 + 675*z**2 + 22*z + 44. What is r(26)?
-60
Let g(a) = 166*a**2 - 8130*a - 156. Give g(49).
40
Let f(r) = -215*r + 1148. Calculate f(10).
-1002
Let z(s) = -1772*s**3 + 99234*s**2 - 120*s + 443. Calculate z(56).
-5
Let o(k) = k**3 + 146*k**2 + 1612*k + 42. Determine o(-12).
-6
Let l(p) = -p**3 + 13*p**2 + 313*p - 4031. What is l(12)?
-131
Let d(u) = -174*u**2 - 596*u - 510. Determine d(-2).
-14
Let o(n) = n**2 + 159*n - 3207. What is o(-197)?
4279
Let s(u) = -207*u**3 - 1239*u**2 + 20*u + 20. Give s(-6).
8
Let f(b) = -10976*b + 834417. Give f(76).
241
Let z(i) = -23*i**3 + 87*i**2 - 12*i - 72. What is z(3)?
54
Let b(z) = 39*z + 4229. What is b(-126)?
-685
Let u(q) = -1675*q - 75388. What is u(-45)?
-13
Let n(q) = -q**2 + 2665*q + 138520. What is n(-51)?
4
Let a(p) = 2732*p - 543758. Determine a(199).
-90
Let m(g) = -49*g**2 - 123*g - 918. Calculate m(-9).
-3780
Let l(f) = -2*f**3 - 37*f**2 - 1252*f - 22212. What is l(-18)?
0
Let i(n) = -3*n**2 + 460*n + 12573. What is i(177)?
6
Let p(m) = m**3 + 602*m - 3014. Determine p(5).
121
Let c(w) = -2*w**3 - 16*w**2 - 26*w - 131. Determine c(-5).
-151
Let a(i) = 3555*i + 259514. What is a(-73)?
-1
Let s(t) = -3*t**2 + 5870*t - 297130. Calculate s(52).
-2
Let c(f) = f**3 + 252*f**2 - 39348*f - 5. Determine c(109).
104
Let q(u) = 2*u**2 - 126*u + 1638. Calculate q(19).
-34
Let g(d) = -23478*d - 939123. Determine g(-40).
-3
Let f(r) = -684*r - 87485. Determine f(-129).
751
Let j(i) = -i**3 + 175*i**2 - 6068*i + 6751. Calculate j(128).
95
Let l(c) = c**2 + 74039*c + 3921253. Give l(-53).
-5
Let z(i) = -2*i**2 + 784618*i + 2353873. Calculate z(-3).
1
Let p(b) = 17500*b - 419972. Calculate p(24).
28
Let h(o) = 35*o**2 + 1212*o + 10242. Give h(-20).
2
Let d(g) = -g**2 + 1554*g + 40787. Determine d(-26).
-293
Let r(w) = -272*w - 26666. Determine r(-98).
-10
Let b(j) = 6716*j - 40251. Give b(6).
45
Let k(q) = -8837*q - 26581. Calculate k(-3).
-70
Let b(h) = 13*h**2 + 1309*h - 2638. Calculate b(2).
32
Let c(s) = 2423*s + 19494. Determine c(-8).
110
Let b(n) = -9718*n + 845472. Calculate b(87).
6
Let m(s) = 1312*s**3 + 7869*s**2 - 69*s - 246. Give m(-6).
60
Let q(u) = u**3 + 13*u**2 + 2809*u + 33571. Calculate q(-12).
7
Let d(r) = -3*r**3 + 38*r**2 - 126*r + 145. Give d(8).
33
Let n(j) = 8030*j + 56191. Calculate n(-7).
-19
Let x(d) = 5*d**2 + 9511*d + 19025. Give x(-2).
23
Let w(q) = q**3 + 141*q**2 + 284*q - 25. Calculate w(-139).
-859
Let z(u) = 35034*u + 2522401. Give z(-72).
-47
Let g(a) = 13*a**2 - 697*a - 700. Calculate g(-1).
10
Let f(b) = -2746*b - 2680. Determine f(-1).
66
Let l(p) = 3*p**3 + p**2 + 37054*p + 74109. Calculate l(-2).
-19
Let j(z) = -113264*z - 113039. Determine j(-1).
225
Let u(c) = -4193*c + 12427. What is u(3)?
-152
Let v(k) = -368*k + 89413. Determine v(243).
-11
Let r(k) = -k**3 + 422*k**2 + 1277*k + 10. What is r(-3)?
4
Let u(i) = i**3 + 58*i**2 - 356*i - 14163. What is u(-60)?
-3
Let l(b) = b**3 - 12*b**2 - 73050*b + 657682. What is l(9)?
-11
Let y(m) = 7*m**2 - 717*m + 18460. Determine y(53).
122
Let c(u) = -10*u**2 + 1620*u - 716. Give c(161).
894
Let t(v) = 9*v**3 - 9*v**2 - 35*v + 128. Determine t(4).
420
Let y(b) = -b**3 - 66*b - 721. Determine y(-14).
2947
Let d(o) = 159763*o + 958730. What is d(-6)?
152
Let r(o) = -10581*o + 4645041. What is r(439)?
-18
Let n(c) = -c**3 - 309*c**2 - 1526*c - 1748. What is n(-304)?
76
Let n(m) = 3*m**2 + 790*m - 550. Determine n(-264).
-22
Let k(h) = -506*h + 167501. Give k(332).
-491
Let b(n) = 2*n**2 + 4291*n + 1438948. What is b(-416)?
4
Let k(n) = -n**3 - 180*n**2 - 7813*n - 145. Calculate k(-73).
1
Let x(n) = -3*n**3 - 2*n - 202. What is x(7)?
-1245
Let h(k) = -k**2 - 68*k - 1613. Determine h(-26).
-521
Let f(c) = -7*c**3 - 301*c**2 - 304*c - 411. Determine f(-42).
9
Let f(q) = q**3 - 11*q**2 - 265*q - 135. Give f(22).
-641
Let t(o) = 1582*o**2 - 3137*o + 3. Give t(2).
57
Let g(x) = -x**3 - 41*x**2 - 102*x - 828. Determine g(-39).
108
Let h(l) = 8890*l - 737951. Give h(83).
-81
Let w(o) = -o**3 + 46*o**2 + 115*o - 3234. What is w(47)?
-38
Let z(i) = -356*i + 25015. What is z(70)?
95
Let j(h) = 41*h + 571. Determine j(-15).
-44
Let v(m) = 1050*m + 28276. Give v(-27).
-74
Let c(x) = 57111*x + 1599105. Give c(-28).
-3
Let h(p) = -98*p**3 - 4983*p**2 + 750*p - 767. Give h(-51).
-2
Let f(r) = r**3 - 100*r**2 - 9860*r - 2376. What is f(-61)?
3
Let k(l) = 2*l**3 + 94*l**2 - 3605*l + 129. Determine k(25).
4
Let c(u) = 13*u**2 + 364*u + 43. Calculate c(-25).
-932
Let z(f) = f**2 - 105*f - 9595. What is z(162)?
-361
Let o(g) = 18*g**2 + 21144*g - 6985. What is o(-1175)?
65
Let q(o) = -o**2 - 24045*o + 48097. Give q(2).
3
Let i(a) = 4*a**3 - 113*a**2 + 537*a + 12. What is i(22)?
-274
Let x(j) = -38577*j + 810120. Calculate x(21).
3
Let i(f) = f**3 + 77*f**2 + 1522*f + 1550. Determine i(-37).
-4
Let r(j) = -2*j**3 + 9*j**2 - 104*j - 15. What is r(8)?
-1295
Let x(w) = 16*w**2 + 1486*w + 14269. What is x(-82)?
1
Let y(a) = -a**3 - 481*a**2 + 431*a + 51. Calculate y(1).
0
Let j(w) = 303*w - 7069. What is j(21)?
-706
Let h(k) = -83*k**3 + 5*k**2 + 31*k + 3. Give h(-3).
2196
Let l(b) = 1146*b + 14357. What is l(-13)?
-541
Let t(u) = 3*u**3 + 63*u**2 + 5580*u + 117164. Give t(-21).
-16
Let t(i) = -3*i**3 - 28*i**2 - 88*i - 70. What is t(-2)?
18
Let o(m) = -663*m - 38989. Determine o(-59).
128
Let n(x) = 3381*x - 713393. Calculate n(211).
-2
Let r(w) = -26*w**2 - 1080*w - 7962. Give r(-32).
-26
Let